 Let h be ((-1)/2)/(4/8). Let a = h - w. Give c(a).
-3
Let k = 17 + -14. Let f(j) = -14 + j**2 + 10 + 5 - k*j. Determine f(2).
-1
Let p(y) = y**3 - y. Let t(m) = -3*m**3 - 3*m**2 + 4*m + 2. Let k(o) = -2*o + 33. Let w be k(16). Let b(x) = w*t(x) + 2*p(x). What is b(-3)?
-4
Let i(j) = 2*j + 13. Let y be i(-5). Suppose 2*r = -y*d + 20, d - 2*r + 0 = -4. Let x(t) = -5*t + 5. Calculate x(d).
-15
Let n(l) = 4*l + 3. Let y(k) = 3*k + 13. Let v be y(-4). Let w(c) = -c. Let s(g) = v*n(g) + 6*w(g). Calculate s(2).
-1
Let i(m) = -m**3 - 14*m**2 + 8*m - 8. Let o(j) = -12*j**2 + 7*j - 7. Let v(k) = -6*i(k) + 7*o(k). Determine v(1).
6
Let f(t) = -10*t - 4 + t + 18*t - 8*t. Suppose 0*j - 2*j + 10 = 0. Give f(j).
1
Let a(g) = -7 - 3*g + 16 + 1 - 5 - g**2. Let f be 2/(-3) - (-20)/(-6). Calculate a(f).
1
Let i(d) be the third derivative of -d**4/24 - d**3/3 - 255*d**2. Let h(k) = -2*k + 10. Let x be h(9). Calculate i(x).
6
Let y = 24 - 18. Let w(d) = 4*d**2 - 32*d + 29. Let g = -6 + -3. Let i(k) = k**2 - 8*k + 7. Let n(h) = g*i(h) + 2*w(h). Calculate n(y).
7
Let n(c) = 2*c + 27. Let r(w) = -w. Let g(z) = n(z) + 6*r(z). Let d be g(6). Let k(s) = -s + 7. Calculate k(d).
4
Let u(r) be the second derivative of 19*r**8/6720 + r**7/1260 + r**6/360 + r**5/120 - 7*r**4/4 - 10*r. Let t(d) be the third derivative of u(d). What is t(-1)?
-18
Let a(z) = 4*z**2 + z**3 + 4 - 7 - 2*z**2. Let p(v) = -2*v**3 - 5*v**2 + 5. Let c(l) = -7*a(l) - 3*p(l). Calculate c(0).
6
Let g(x) = 2*x + 2. Let d = -350 - -347. Determine g(d).
-4
Let n be -1*11*(-5)/5. Let m be n/((-22)/12)*-1. Let v(z) = m*z - 4*z - 5*z + 2. Give v(4).
-10
Let w = 16 + -12. Suppose 10 = w*b - 6, -b - 8 = 4*t. Let s be -15*1/t*1. Let f(d) = -2*d + 4. Determine f(s).
-6
Let v(z) = -2*z**2 + 11*z + 12. Let w be v(12). Let t = w + 155. Let y(r) = -r**3 + 12*r**2 - 10*r - 7. Determine y(t).
4
Let h(a) = -4*a + 2. Let y be ((-4 + 8/3)*-6)/(-1). Calculate h(y).
34
Let y(h) = h**2 + 2*h - 1. Let x(s) = s**2 + 2*s - 2. Let g(z) = -5*x(z) + 4*y(z). Determine g(0).
6
Let t(o) = -4*o**3 - 2*o**2 + 4*o - 2. Let c = -904 + 905. What is t(c)?
-4
Suppose -4*v - 27 + 7 = -2*p, -2*v - 82 = -5*p. Suppose -9 = 3*j - p. Let w(t) = t**2 - 3*t. Determine w(j).
0
Suppose -4*n + 4*l + 26 = l, 5*l = -5*n + 50. Let v(a) = a**3 - 9*a**2 + 7*a - 5. Determine v(n).
-13
Let l(n) = 2*n + 3. Let h(a) = -a - 1. Let u(o) = -2*h(o) - 2*l(o). Let g be u(-3). Let m(d) = 4*d**2 - 2*d - 2. Calculate m(g).
10
Suppose 0 = n + y - 1, -3*n + 4*y = -y - 43. Let r(u) = -n - 7 + 9 - u - 4. Determine r(-6).
-2
Let c(s) = 3*s - 1. Let o(j) = 4*j**2 - 8*j - 6. Let g be o(6). Let h be g/24 - 6/8. Suppose 0 = h*i + 4*x - 2*x + 5, 5 = -5*x. Determine c(i).
-4
Let h(y) = -1 + 5 + 2 - y. Let b be (-3360)/154 + 4/(-22). Let a = -16 - b. Give h(a).
0
Let u(n) = -3*n + 1 - n + 3*n. Let h be (-19)/190 + 2/20. What is u(h)?
1
Let c(f) = f**3 - 6*f**2 - 2*f + 9. Let r(l) = -l**2 - 13*l - 33. Let w be r(-15). Let a = 69 + w. Determine c(a).
-3
Let k(j) = j**3 + j**2 + 16. Let d be k(-3). Let z(i) = i**3 + i**2 + 2*i - 1. What is z(d)?
-9
Let g(y) = -14267*y + 14270*y - 2*y**3 + 3*y**3 - 6*y**2 + 11. What is g(5)?
1
Let o(f) = -f**2 + 8*f - 8. Suppose 0 = 5*d - 13*j + 15*j - 25, 0 = -3*j. Give o(d).
7
Let u(l) = 5*l**2 - 9*l + 8. Let s(f) be the third derivative of 7*f**5/30 - 9*f**4/8 + 23*f**3/6 + 17*f**2. Let i(a) = -4*s(a) + 11*u(a). What is i(5)?
16
Let b(c) = c**3 + 2*c**2 + 3*c + 1. Suppose -3*f = 3*s - 6*f - 24, -18 = -3*s + f. Suppose -s*o + 12 = 2. Suppose 2*m - m = -o. Give b(m).
-5
Let f(v) = -30*v - 13. Let r(w) = -7*w - 3. Let p(m) = -2*f(m) + 9*r(m). Let t(b) = -3*b - 2. Let s(z) = 5*p(z) - 4*t(z). Give s(5).
-12
Let u be 10*1/2 + -1. Suppose 3*i + 2*k + 4 = 2, -4 = -3*i + u*k. Let r(z) = -z - 16. Calculate r(i).
-16
Let y = -33 - -35. Let w(k) be the first derivative of -4 + 1/3*k**3 + y*k + 3*k**2. Give w(-5).
-3
Let b(i) be the third derivative of -i**5/60 - 7*i**4/24 + 2*i**3/3 + i**2 + 1. What is b(-6)?
10
Let l(o) be the first derivative of -1/4*o**4 + 2*o + 4/3*o**3 - o**2 - 1. Calculate l(4).
-6
Suppose -9 - 71 = 10*c. Let b(k) = 2*k - 3. Determine b(c).
-19
Let x(r) = 2*r**2 - 8*r - 1. Let l(g) = -g**2 - g + 1. Let k(p) = 3*l(p) + x(p). Calculate k(-12).
-10
Let h(y) be the second derivative of -y**5/20 - 5*y**4/12 + 2*y**3/3 + 7*y**2/2 + 235*y. Give h(-5).
-13
Let q be (1 + 3 + 0)*1. Let h(j) be the second derivative of -1/2*j**3 - 6*j + 1/12*j**4 + 0 + 2*j**2. Give h(q).
8
Let a(w) be the third derivative of w**5/60 - w**3/3 + 9*w**2. Let j(f) = -f**2 + 6*f - 3. Let q be j(2). Suppose q*g + 10 + 5 = 0. Give a(g).
7
Let w(m) = -m**2 - m - 2. Let i be 5/(50/15)*22. Let o = -31 + i. Calculate w(o).
-8
Let a(k) = k**3 - k + 1. Suppose -2*v = -6*v - 3*x - 3, 5*v = -5*x. Let q(i) = -i**3 - 2*i**2 + 5*i + 4. Let l be q(v). What is a(l)?
-5
Let u(b) = -4*b + 1 + 6*b**2 - b + b**3 + 4*b - 5*b. Suppose -4*m + 1 = -3*v, -3*v + 2*m + 24 = -5*v. What is u(v)?
-6
Let y(n) = -49*n**2 + n - 1. Let p = 428 + -427. Determine y(p).
-49
Let p be (1 + 2)/((-2)/(-2)). Suppose -p*o + 4*o + 6 = 0. Let k(n) = -n**3 - 6*n**2 + n - 1. Determine k(o).
-7
Let f(r) = 8*r - 4. Let g be f(3). Let m be -2 - (g/25)/(2/25). Let k(i) = i + 17. Calculate k(m).
5
Let v(j) be the third derivative of 22*j**2 + 0*j - 1/40*j**6 + 1/30*j**5 - 1/6*j**3 + 0*j**4 + 0. Calculate v(1).
-2
Let z(w) be the first derivative of 22 - 5*w**2 + 3*w - 3*w**3 - 1/4*w**4. What is z(-7)?
-25
Let k(m) be the first derivative of m**2 + 5*m + 173. Let o(f) = f**2 + 4*f + 3. Let h be o(-3). Suppose 5*g = -h*p + 5*p + 35, 4*p + 5*g + 1 = 0. What is k(p)?
-3
Let l be -2*332/(-48) - 28/(-168). Let t(n) = 2*n - 2. Give t(l).
26
Let a be (-30)/(-20) - (522/(-4))/3. Suppose a*s - 8 = 49*s. Let v(d) = -d - 1. Let y(q) = -q + 1. Let r(n) = -3*v(n) - y(n). Calculate r(s).
-6
Let d(q) = 5*q**2 - q. Let m(y) be the second derivative of y**4/6 - 4*y**3 + y**2/2 + 18*y. Let b be m(12). Give d(b).
4
Suppose 6*d + 250 = 10. Let h = d + 41. Let n(b) be the second derivative of -b**3/3 - b. Give n(h).
-2
Let d(v) be the first derivative of -1/40*v**5 + 0*v + 0*v**2 - 7/3*v**3 + 1 + 1/360*v**6 + 0*v**4. Let g(m) be the third derivative of d(m). What is g(2)?
-2
Let l(p) = -3*p - 47. Suppose 27*w - 31*w = 0, o + 16 = 2*w. What is l(o)?
1
Let s = 4 - 9. Let l(b) = b**2 + 2*b - 3. Let z be l(s). Let m be -3 - 6/(-9)*z. Let k(h) = -h + 4. What is k(m)?
-1
Let m(n) = -n**3 - 6*n**2 + 5*n + 8. Suppose -14 = 2*f + 4*p, 0 = 3*f - 4*p - 14 - 15. Let l(q) = -q**3 + 3*q**2 - 6. Let v be l(f). Calculate m(v).
-22
Let p(c) be the second derivative of c**4/24 - 5*c**3/6 - c**2/2 - c. Let d(g) be the first derivative of p(g). Suppose 4*o - 7*o + 15 = 0. What is d(o)?
0
Let f(j) = j + 7. Suppose 0 = 2*n + 5*i - 5, 0 = 2*n + i - 5 - 4. Suppose 5*p + 30 = n*x, -2*x + 7*x - 9 = 2*p. What is f(p)?
0
Let o(s) be the third derivative of s**7/840 + s**6/180 - s**5/30 + s**4/24 + 5*s**3/3 - 9*s**2. Let u(j) be the first derivative of o(j). Calculate u(-3).
4
Let n(r) = -r**3 + r**2 + r + 1. Let v(p) = 46*p**3 - 4*p**2 - 6*p - 7. Let a(w) = 6*n(w) + v(w). Determine a(-1).
-39
Let p(x) = 3*x - 3*x + 7*x + x - 2 + x**2. Determine p(-8).
-2
Suppose 0 = -10*u + 4*u + 18. Let f(m) = m**2 - 296 + 593 - m - 297 + 11*m**u. Give f(1).
11
Let p(k) = k + 3. Let x(v) = -v**2 - 12*v + 41. Let a be x(-15). What is p(a)?
-1
Suppose 0 = -3*b - 3 + 9. Let o(c) = 0*c**2 - 1398*c**3 + 2*c + c**2 + c**b + 1397*c**3 - 3. Give o(3).
-6
Let g(u) be the first derivative of -u**2 + 18. Let x(a) = -a - 1. Let f(n) = g(n) - x(n). Let l = -3 - -1. Determine f(l).
3
Let v = 1 - -1. Suppose 3*p = 2*o - v, 3*o + 4*p + 5 = 8*o. Let q(d) = -29*d**3 - 1 + d**2 + 7*d + 17*d**3 - 5*d - 2*d. What is q(o)?
-12
Let n(q) = -4*q**2 - 6*q + 11. Let x = -24 + 32. Let t(s) = s**2 + 2*s - 4. Let o(u) = x*t(u) + 3*n(u). Determine o(1).
-5
Let j(w) be the first derivative of 1/4*w**4 + 0*w + 5/3*w**3 + 1/2*w**2 + 12. Determine j(-3).
15
Let l be (-35)/(-14)*18/5. Let a(t) = 3*t - t + 8*t - l*t - 1. What is a(-1)?
-2
Suppose 3*c - 48*d = -49*d - 47, 3*c = -2*d - 52. Let p(y) = y**3 + 13*y**2 - 15*y - 14. Determine p(c).
0
Let q(m) = m**2 - 8*m + 9. Let y be 17*(-3 + -3)/(-2). Let h = 57 - y. Gi